138.
2, 3, 41, 179, 2857
What are the prime factors of 71894028?
2, 3, 5991169
What are the prime factors of 3729948303?
3, 29, 31, 1382999
What are the prime factors of 35754569?
35754569
What are the prime factors of 3438290933?
7, 11, 44653129
What are the prime factors of 1065650831?
7, 17, 149, 60101
List the prime factors of 1861418478.
2, 3, 310236413
What are the prime factors of 3183963871?
11, 26313751
What are the prime factors of 249645824?
2, 223, 4373
List the prime factors of 60773937.
3, 7, 29, 99793
List the prime factors of 14679767.
67, 151, 1451
List the prime factors of 317689419.
3, 105896473
List the prime factors of 52541660.
2, 5, 23, 114221
List the prime factors of 1517736073.
7, 41, 5288279
What are the prime factors of 1236577871?
113, 263, 41609
What are the prime factors of 2232217648?
2, 103, 1354501
What are the prime factors of 34653636?
2, 3, 320867
List the prime factors of 1544129143.
197, 7838219
What are the prime factors of 104478100?
2, 5, 1044781
What are the prime factors of 382332209?
7, 157, 347891
List the prime factors of 69608773.
13, 167, 32063
What are the prime factors of 206132355?
3, 5, 11, 13, 103, 311
List the prime factors of 196421447.
41, 797, 6011
What are the prime factors of 163078594?
2, 7, 79, 147449
List the prime factors of 234172873.
11, 1935313
What are the prime factors of 4614436323?
3, 7, 24415007
List the prime factors of 106898179.
269, 401, 991
What are the prime factors of 1032168573?
3, 114685397
What are the prime factors of 477102463?
71, 1487, 4519
List the prime factors of 129111891.
3, 43037297
What are the prime factors of 14056919?
31, 277, 1637
List the prime factors of 374367253.
13, 31, 251, 3701
List the prime factors of 77938157.
11, 644117
What are the prime factors of 278049953?
109, 577, 4421
List the prime factors of 112029916.
2, 53, 61, 8663
List the prime factors of 949171845.
3, 5, 63278123
What are the prime factors of 53672011?
29, 1850759
List the prime factors of 2569118503.
7, 1993, 184153
List the prime factors of 295773480.
2, 3, 5, 17, 31, 1559
List the prime factors of 1920915239.
47, 40870537
List the prime factors of 36674234.
2, 433, 42349
List the prime factors of 43772207.
193, 226799
List the prime factors of 15951263.
15951263
List the prime factors of 1745435654.
2, 97, 2179, 4129
List the prime factors of 677647585.
5, 107, 1266631
List the prime factors of 58344918.
2, 3, 17, 97, 5897
List the prime factors of 232012761.
3, 73, 1059419
List the prime factors of 1775942792.
2, 13, 23, 101, 7351
What are the prime factors of 17407874?
2, 11, 463, 1709
List the prime factors of 9150412.
2, 23, 79, 1259
List the prime factors of 48874728.
2, 3, 7, 17, 109, 157
What are the prime factors of 59075561?
17, 271, 12823
List the prime factors of 89745899.
31, 2895029
What are the prime factors of 482957303?
59, 353, 23189
List the prime factors of 112422304.
2, 1723, 2039
What are the prime factors of 1501832628?
2, 3, 29, 1438537
What are the prime factors of 38181821?
577, 66173
What are the prime factors of 581639156?
2, 7, 17, 43, 157, 181
List the prime factors of 3436982191.
17, 202175423
What are the prime factors of 156615983?
239, 613, 1069
What are the prime factors of 2231775104?
2, 13, 139, 9649
What are the prime factors of 58591375?
5, 47, 9973
List the prime factors of 97697990.
2, 5, 13, 751523
What are the prime factors of 3770515949?
83, 45427903
List the prime factors of 2066618763.
3, 11, 20874937
List the prime factors of 4101267992.
2, 12113, 42323
What are the prime factors of 1671570277?
13, 19, 6767491
List the prime factors of 52369593.
3, 127, 137453
List the prime factors of 585203212.
2, 11, 701, 18973
List the prime factors of 256683980.
2, 5, 7, 1833457
What are the prime factors of 379113973?
7, 19, 31, 91951
What are the prime factors of 513861237?
3, 29, 1968817
What are the prime factors of 2275773147?
3, 31, 8156893
What are the prime factors of 2648441590?
2, 5, 264844159
List the prime factors of 2676419200.
2, 5, 7, 13, 101
List the prime factors of 135736722.
2, 3, 11, 19, 211
List the prime factors of 3049959159.
3, 13, 26068027
List the prime factors of 95005747.
4751, 19997
List the prime factors of 216321530.
2, 5, 139, 155627
What are the prime factors of 212394488?
2, 1051, 25261
What are the prime factors of 48020294?
2, 7, 490003
List the prime factors of 7229015831.
76487, 94513
List the prime factors of 86958232.
2, 853, 12743
List the prime factors of 12101183.
37, 327059
What are the prime factors of 105207282?
2, 3, 1948283
What are the prime factors of 412526781?
3, 23, 1992883
What are the prime factors of 4182096230?
2, 5, 13, 31, 1037741
What are the prime factors of 168496229?
11, 23, 665993
What are the prime factors of 31547141?
223, 241, 587
What are the prime factors of 734110?
2, 5, 13, 5647
List the prime factors of 52974751.
52974751
What are the prime factors of 82689754?
2, 7, 120539
List the prime factors of 128147906.
2, 4219, 15187
List the prime factors of 37898578.
2, 19, 127, 7853
List the prime factors of 435457076.
2, 108864269
List the prime factors of 235820152.
2, 113, 260863
What are the prime factors of 1040306449?
7, 13, 17, 19, 35393
List the prime factors of 222068866.
2, 1399, 79367
List the prime factors of 77498214.
2, 3, 12916369
What are the prime factors of 14045527?
47, 298841
List the prime factors of 50587020.
2, 3, 5, 11, 29, 881
What are the prime factors of 56163780?
2, 3, 5, 37, 937
What are the prime factors of 62669880?
2, 3, 5, 7, 13, 1913
What are the prime factors of 355849713?
3, 31, 425149
List the prime factors of 3925210727.
41, 95736847
What are the prime factors of 1579211447?
11, 17, 8444981
List the prime factors of 2494092303.
3, 30791263
What are the prime factors of 86352746?
2, 37, 1166929
List the prime factors of 1486841.
1486841
List the prime factors of 37228197.
3, 79, 157081
List the prime factors of 982131584.
2, 7, 19, 31, 1861
List the prime factors of 5464115841.
3, 1821371947
What are the prime factors of 144807342?
2, 3, 53, 659, 691
What are the prime factors of 5427248034?
2, 3, 13, 67, 463, 2243
List the prime factors of 179105580.
2, 3, 5, 137, 269
List the prime factors of 697172992.
2, 17, 29, 1381
What are the prime factors of 1675143667?
331, 5060857
What are the prime factors of 2037398?
2, 11, 8419
List the prime factors of 784815765.
3, 5, 3923, 13337
List the prime factors of 528040556.
2, 132010139
List the prime factors of 83526825.
3, 5, 311, 3581
List the prime factors of 23433412.
2, 17, 23, 14983
List the prime factors of 1792893935.
5, 7, 3701, 13841
What are the prime factors of 714361517?
714361517
List the prime factors of 137498573.
19, 7236767
List the prime factors of 28887813.
3, 1069919
What are the prime factors of 1167072?
2, 3, 12157
List the prime factors of 81639524.
2, 29, 703789
List the prime factors of 21439290.
2, 3, 5, 31, 23053
What are the prime factors of 6109011390?
2, 3, 5, 9689, 21017
What are the prime factors of 1138547376?
2, 3, 701, 11279
List the prime factors of 343639769.
11, 89, 351011
List the prime factors of 1437638025.
3, 5, 29, 660983
List the prime factors of 47456991.
3, 5272999
What are the prime factors of 5889049076?
2, 23, 64011403
What are the prime factors of 352949180?
2, 5, 17647459
What are the prime factors of 845851941?
3, 11, 1237, 6907
List the prime factors of 87935260.
2, 5, 7, 227, 2767
What are the prime factors of 78618290?
2, 5, 7861829
List the prime factors of 257252671.
13, 2579, 7673
List the prime factors of 3388184449.
13, 109, 2391097
List the prime factors of 40601113.
7, 5800159
What are the prime factors of 155001958?
2, 47, 139, 11863
What are the prime factors of 4804245847?
4804245847
What are the prime factors of 1846899099?
3, 205211011
What are the prime factors of 1258468151?
1258468151
What are the prime factors of 88526565?
3, 5, 17, 97, 1193
What are the prime factors of 212968453?
373, 570961
What are the prime factors of 151139048?
2, 2213, 8537
List the prime factors of 9140347787.
61, 239, 626953
What are the prime factors of 431514389?
31, 13919819
List the prime factors of 51488983.
7, 13, 565813
What are the pr